{"id":1099,"date":"2025-12-06T15:03:42","date_gmt":"2025-12-06T14:03:42","guid":{"rendered":"https:\/\/falugazdasz.sk\/?post_type=agronomovia&#038;p=1099"},"modified":"2026-04-07T18:50:06","modified_gmt":"2026-04-07T16:50:06","slug":"1099","status":"publish","type":"agronomovia","link":"https:\/\/falugazdasz.sk\/hu\/falugazdaszok\/1099\/","title":{"rendered":"Jakubecz B\u00e1lint"},"content":{"rendered":"\n<p><strong>BEMUTATKOZ\u00c1S<\/strong><\/p>\n\n\n\n<p><em><strong>Szem\u00e9lyes h\u00e1tt\u00e9r<\/strong><\/em><\/p>\n\n\n\n<p>Fels\u0151szeliben nevelkedtem, itt \u00e9lek ma is a csal\u00e1dommal h\u00e1romgyermekes csal\u00e1dapak\u00e9nt. M\u00e1r kora gyermekkoromban \u00e9rdekl\u0151d\u00e9st mutattam a n\u00f6v\u00e9ny- \u00e9s \u00e1llatvil\u00e1g ir\u00e1nt. Nagyap\u00e1m nyugd\u00edjas kor\u00e1ban kistermel\u0151 lett, \u00e9s \u00e9n \u00f6r\u00f6mmel seg\u00edtettem neki a z\u00f6lds\u00e9gtermeszt\u00e9sben. Di\u00e1k\u00e9veim alatt rendszeresen brig\u00e1dmunk\u00e1kra j\u00e1rtam a helybeli gazd\u00e1khoz is. A mez\u0151gazdas\u00e1g teh\u00e1t ifj\u00fakorom mindennapjainak r\u00e9sz\u00e9t k\u00e9pezte, \u00edgy nem is volt sz\u00e1momra k\u00e9rd\u00e9s, hogy ezen a szakmai ter\u00fcleten k\u00e9pzeljem el j\u00f6v\u0151met.<\/p>\n\n\n\n<p>T\u00e1gabb \u00e9rtelemben vett sz\u00fcl\u0151f\u00f6ldemen, a M\u00e1tyusf\u00f6ld\u00f6n minden lehet\u0151s\u00e9g adott a min\u0151s\u00e9gi n\u00f6v\u00e9nytermeszt\u00e9sre. Nagyon fontosnak tal\u00e1lom a magyar kultur\u00e1lis \u00e9s vid\u00e9ki \u00e9rt\u00e9keink, hagyom\u00e1nyaink meg\u0151rz\u00e9s\u00e9t \u00e9s megtart\u00e1s\u00e1t. A sz\u00fcl\u0151f\u00f6ld szeretete sz\u00e1momra a f\u00f6ld, a t\u00e1j szeretet\u00e9vel p\u00e1rosul. A mez\u0151gazdas\u00e1gban v\u00e9gzett munka fokozatosan v\u00e1lt hivat\u00e1somm\u00e1.<br>E ter\u00fcleten k\u00edv\u00e1nom magam tov\u00e1bbra is napi szinten tov\u00e1bbk\u00e9pezni.<\/p>\n\n\n\n<p><em><strong>Tanulm\u00e1nyok \u00e9s v\u00e9gzetts\u00e9g<\/strong><\/em><\/p>\n\n\n\n<p>\u00c1ltal\u00e1nos iskol\u00e1ba sz\u00fcl\u0151falumban, Fels\u0151szeliben a Sz\u00e9chenyi Istv\u00e1n Alapiskol\u00e1ba j\u00e1rtam. K\u00e9s\u0151bb Dunaszerdahelyen a Vid\u00e9kfejleszt\u00e9si Szakk\u00f6z\u00e9piskol\u00e1ban folytattam tanulm\u00e1nyaimat, ahol az agr\u00e1rv\u00e1llalkoz\u00e1s-alternat\u00edv mez\u0151gazdas\u00e1g szakon \u00e9retts\u00e9giztem.&nbsp; Saj\u00e1t v\u00e1llalkoz\u00e1somat \u00f6ner\u0151b\u0151l, fokozatosan \u00e9p\u00edtettem fel. Fontos sz\u00e1momra a&nbsp;min\u0151s\u00e9gi term\u00e9kek el\u0151\u00e1ll\u00edt\u00e1sa \u00e9s a&nbsp;k\u00f6rnyezettudatos gazd\u00e1lkod\u00e1s, erre t\u00f6rekszem. El\u0151sz\u00f6r \u00e1llatteny\u00e9szt\u00e9ssel, k\u00e9s\u0151bb sz\u00e1nt\u00f3f\u00f6ldi n\u00f6v\u00e9nytermeszt\u00e9ssel foglalkoztam, majd a megfelel\u0151 g\u00e9pek beszerz\u00e9s\u00e9t k\u00f6vet\u0151en szolg\u00e1ltat\u00e1st is ny\u00fajtok a helybeli gazd\u00e1knak, valamint az adminisztr\u00e1ci\u00f3s feladatok \u00e9s az agron\u00f3mia ter\u00e9n is tan\u00e1csokkal seg\u00edtem \u0151ket.<\/p>\n\n\n\n<p><em><strong>K\u00f6z\u00f6ss\u00e9gi szerepv\u00e1llal\u00e1s<\/strong><\/em><strong><\/strong><\/p>\n\n\n\n<p>Szeretn\u00e9m, ha a Felvid\u00e9ki Falugazd\u00e1sz H\u00e1l\u00f3zat tev\u00e9kenys\u00e9ge ismertt\u00e9 v\u00e1lna a r\u00e9gi\u00f3ban, ahol \u00e9lek \u00e9s tev\u00e9kenykedem. Szeretn\u00e9k a gazd\u00e1kkal \u00e9s az ifj\u00fas\u00e1ggal megfelel\u0151 egy\u00fcttm\u0171k\u00f6d\u00e9st kialak\u00edtani. A gyermekek \u00e9s ifj\u00fas\u00e1g k\u00f6r\u00e9ben a vid\u00e9ki \u00e9letm\u00f3d n\u00e9pszer\u0171s\u00edt\u00e9s\u00e9t, a t\u00e1j, a term\u0151f\u00f6ld \u00e9s a sz\u00fcl\u0151f\u00f6ld ir\u00e1nti szeretet \u00e9s tisztelet megalapoz\u00e1s\u00e1t tartom fontosnak.<\/p>\n\n\n\n<p><em><strong>Szakmai c\u00e9lkit\u0171z\u00e9sek<\/strong><\/em><\/p>\n\n\n\n<p>Mivel a M\u00e1tyusf\u00f6ld\u00f6n m\u00e9g kev\u00e9sb\u00e9 ismert a Felvid\u00e9ki Falugazd\u00e1sz H\u00e1l\u00f3zat, falugazd\u00e1szk\u00e9nt els\u0151sorban a gazd\u00e1k megsz\u00f3l\u00edt\u00e1s\u00e1t tartom fontosnak, hogy jobban megismerj\u00e9k e h\u00e1l\u00f3zat tev\u00e9kenys\u00e9g\u00e9t \u00e9s az \u00e1ltala ny\u00fajtott lehet\u0151s\u00e9geket.<\/p>\n\n\n\n<p>Tov\u00e1bbi c\u00e9lkit\u0171z\u00e9sem a gazd\u00e1k munk\u00e1j\u00e1ban val\u00f3 szakmai seg\u00edts\u00e9gny\u00fajt\u00e1s, a fontos inform\u00e1ci\u00f3k \u00e9s aktualit\u00e1sok tov\u00e1bb\u00edt\u00e1sa sz\u00e1mukra az anyanyelv\u00fck\u00f6n. Ebben a koordin\u00e1tori szerepben arra szeretn\u00e9k t\u00f6rekedni, hogy a mez\u0151gazd\u00e1szok tudatos\u00edts\u00e1k munk\u00e1juk kiv\u00e9teles helyzet\u00e9t \u00e9s fontoss\u00e1g\u00e1t. A tan\u00e1csad\u00e1ssal az eredm\u00e9nyess\u00e9g\u00fcket \u00e9s c\u00e9lkit\u0171z\u00e9seik el\u00e9r\u00e9s\u00e9t szeretn\u00e9m seg\u00edteni.<\/p>\n\n\n\n<p>Hossz\u00fat\u00e1von szeretn\u00e9m t\u00e1mogatni azokat a fiatalokat, akik helyben, saj\u00e1t r\u00e9gi\u00f3jukban k\u00e9pzelik el a j\u00f6v\u0151j\u00fcket, ez\u00e9rt tartom fontosnak a csal\u00e1di kisv\u00e1llalkoz\u00e1sok n\u00e9pszer\u0171s\u00edt\u00e9s\u00e9t. Falugazd\u00e1szk\u00e9nt tov\u00e1bbi c\u00e9lom, hogy szem\u00e9lyes szakmai tan\u00e1csad\u00e1sommal seg\u00edtsem a helyi gazd\u00e1k meg\u00e9lhet\u00e9s\u00e9t, t\u00e1mogassam a p\u00e1ly\u00e1zati lehet\u0151s\u00e9gek kihaszn\u00e1l\u00e1s\u00e1t, t\u00e1maszt ny\u00fajtsak a fiatal gazd\u00e1knak \u00e9s a kisebb, csal\u00e1di gazdas\u00e1goknak. Felfog\u00e1som szerint az ifj\u00fas\u00e1gnak saj\u00e1t sz\u00fcl\u0151f\u00f6ldj\u00e9n \u00e9s lehet\u0151s\u00e9g szerint saj\u00e1t sz\u0171kebb r\u00e9gi\u00f3j\u00e1ban kellene boldogulnia, hogy el\u0151deink \u00e9letm\u0171ve folytonos maradjon.<\/p>\n","protected":false},"featured_media":1100,"template":"","class_list":["post-1099","agronomovia","type-agronomovia","status-publish","has-post-thumbnail","hentry","pmpro-has-access"],"acf":[],"_links":{"self":[{"href":"https:\/\/falugazdasz.sk\/hu\/wp-json\/wp\/v2\/agronomovia\/1099","targetHints":{"allow":["GET"]}}],"collection":[{"href":"https:\/\/falugazdasz.sk\/hu\/wp-json\/wp\/v2\/agronomovia"}],"about":[{"href":"https:\/\/falugazdasz.sk\/hu\/wp-json\/wp\/v2\/types\/agronomovia"}],"wp:featuredmedia":[{"embeddable":true,"href":"https:\/\/falugazdasz.sk\/hu\/wp-json\/wp\/v2\/media\/1100"}],"wp:attachment":[{"href":"https:\/\/falugazdasz.sk\/hu\/wp-json\/wp\/v2\/media?parent=1099"}],"curies":[{"name":"wp","href":"https:\/\/api.w.org\/{rel}","templated":true}]}}

Jakubecz Bálint

<p><strong>BEMUTATKOZÁS</strong></p>



<p><em><strong>Személyes háttér</strong></em></p>



<p>Felsőszeliben nevelkedtem, itt élek ma is a családommal háromgyermekes családapaként. Már kora gyermekkoromban érdeklődést mutattam a növény- és állatvilág iránt. Nagyapám nyugdíjas korában kistermelő lett, és én örömmel segítettem neki a zöldségtermesztésben. Diákéveim alatt rendszeresen brigádmunkákra jártam a helybeli gazdákhoz is. A mezőgazdaság tehát ifjúkorom mindennapjainak részét képezte, így nem is volt számomra kérdés, hogy ezen a szakmai területen képzeljem el jövőmet.</p>



<p>Tágabb értelemben vett szülőföldemen, a Mátyusföldön minden lehetőség adott a minőségi növénytermesztésre. Nagyon fontosnak találom a magyar kulturális és vidéki értékeink, hagyományaink megőrzését és megtartását. A szülőföld szeretete számomra a föld, a táj szeretetével párosul. A mezőgazdaságban végzett munka fokozatosan vált hivatásommá.<br>E területen kívánom magam továbbra is napi szinten továbbképezni.</p>



<p><em><strong>Tanulmányok és végzettség</strong></em></p>



<p>Általános iskolába szülőfalumban, Felsőszeliben a Széchenyi István Alapiskolába jártam. Később Dunaszerdahelyen a Vidékfejlesztési Szakközépiskolában folytattam tanulmányaimat, ahol az agrárvállalkozás-alternatív mezőgazdaság szakon érettségiztem.&nbsp; Saját vállalkozásomat önerőből, fokozatosan építettem fel. Fontos számomra a&nbsp;minőségi termékek előállítása és a&nbsp;környezettudatos gazdálkodás, erre törekszem. Először állattenyésztéssel, később szántóföldi növénytermesztéssel foglalkoztam, majd a megfelelő gépek beszerzését követően szolgáltatást is nyújtok a helybeli gazdáknak, valamint az adminisztrációs feladatok és az agronómia terén is tanácsokkal segítem őket.</p>



<p><em><strong>Közösségi szerepvállalás</strong></em><strong></strong></p>



<p>Szeretném, ha a Felvidéki Falugazdász Hálózat tevékenysége ismertté válna a régióban, ahol élek és tevékenykedem. Szeretnék a gazdákkal és az ifjúsággal megfelelő együttműködést kialakítani. A gyermekek és ifjúság körében a vidéki életmód népszerűsítését, a táj, a termőföld és a szülőföld iránti szeretet és tisztelet megalapozását tartom fontosnak.</p>



<p><em><strong>Szakmai célkitűzések</strong></em></p>



<p>Mivel a Mátyusföldön még kevésbé ismert a Felvidéki Falugazdász Hálózat, falugazdászként elsősorban a gazdák megszólítását tartom fontosnak, hogy jobban megismerjék e hálózat tevékenységét és az általa nyújtott lehetőségeket.</p>



<p>További célkitűzésem a gazdák munkájában való szakmai segítségnyújtás, a fontos információk és aktualitások továbbítása számukra az anyanyelvükön. Ebben a koordinátori szerepben arra szeretnék törekedni, hogy a mezőgazdászok tudatosítsák munkájuk kivételes helyzetét és fontosságát. A tanácsadással az eredményességüket és célkitűzéseik elérését szeretném segíteni.</p>



<p>Hosszútávon szeretném támogatni azokat a fiatalokat, akik helyben, saját régiójukban képzelik el a jövőjüket, ezért tartom fontosnak a családi kisvállalkozások népszerűsítését. Falugazdászként további célom, hogy személyes szakmai tanácsadásommal segítsem a helyi gazdák megélhetését, támogassam a pályázati lehetőségek kihasználását, támaszt nyújtsak a fiatal gazdáknak és a kisebb, családi gazdaságoknak. Felfogásom szerint az ifjúságnak saját szülőföldjén és lehetőség szerint saját szűkebb régiójában kellene boldogulnia, hogy elődeink életműve folytonos maradjon.</p>
