{"id":227,"date":"2025-09-11T21:46:23","date_gmt":"2025-09-11T19:46:23","guid":{"rendered":"https:\/\/falugazdasz.sk\/?post_type=agronomovia&#038;p=227"},"modified":"2025-10-17T16:17:48","modified_gmt":"2025-10-17T14:17:48","slug":"ing-suba-viktoria","status":"publish","type":"agronomovia","link":"https:\/\/falugazdasz.sk\/hu\/falugazdaszok\/ing-suba-viktoria\/","title":{"rendered":"Ing. \u0160uba Vikt\u00f3ria"},"content":{"rendered":"\n<p><strong>BEMUTATKOZ\u00c1S<\/strong><\/p>\n\n\n\n<p><em><strong>Szem\u00e9lyes h\u00e1tt\u00e9r<\/strong><\/em><\/p>\n\n\n\n<p>Csal\u00e1dom t\u00f6bb gener\u00e1ci\u00f3 \u00f3ta&nbsp; foglalkozik mez\u0151gazdas\u00e1ggal , ez\u00e9rt d\u00f6nt\u00f6ttem \u00fagy 9 \u00e9vvel ezel\u0151tt, hogy folytatom e csal\u00e1di tev\u00e9kenys\u00e9get .&nbsp; 2016-t\u0151l kezdtem meg mez\u0151gazdas\u00e1gi v\u00e1llalkoz\u00e1somat mint fiatal gazda. Jelenleg 56 ha ter\u00fcleten gazd\u00e1lkodom, f\u0151k\u00e9nt gabonaf\u00e9l\u00e9k \u00e9s z\u00f6lds\u00e9g termeszt\u00e9ssel foglalkozom. A n\u00f6v\u00e9nytermeszt\u00e9s mellet m\u00e9h\u00e9szkedem is. Az \u00e9vek alatt belekapcsol\u00f3dtam k\u00fcl\u00f6mb\u00f6z\u0151 szervezetek&nbsp; tev\u00e9kenyked\u00e9s\u00e9be, ,mint p\u00e9ld\u00e1ul a Falugazd\u00e1sz programba ,igy volt lehet\u0151s\u00e9gem megismerni a k\u00f6rny\u00e9kbeli kisgazd\u00e1kat \u00e9s probl\u00e9m\u00e1ikat.&nbsp;<br>Falugazd\u00e1sz tev\u00e9kenys\u00e9gemet a L\u00e9vai j\u00e1r\u00e1sban, Zsel\u00edzen v\u00e9gzem, ahol saj\u00e1t irod\u00e1t is m\u0171k\u00f6dtetek az \u00fcgyfelek fogad\u00e1s\u00e1ra. Sz\u00e1momra a mez\u0151gazdas\u00e1g nem csup\u00e1n szakmai ter\u00fclet, hanem olyan \u00e9letforma, amely \u00f6sszefon\u00f3dik a k\u00f6z\u00f6ss\u00e9ggel \u00e9s a gazd\u00e1lkod\u00f3k mindennapjaival.<\/p>\n\n\n\n<p><em><strong>Tanulm\u00e1nyok \u00e9s v\u00e9gzetts\u00e9g<\/strong><\/em><\/p>\n\n\n\n<p>Tanulm\u00e1nyaimat 2014-ben fejeztem be a Nyitrai Szlov\u00e1k Mez\u0151gazdas\u00e1gi Egyetem Kert\u00e9szettudom\u00e1nyi \u00e9s T\u00e1j\u00e9p\u00edt\u00e9szeti Kar\u00e1n. Rendszeresen j\u00e1rok k\u00fcl\u00f6nb\u00f6z\u0151 rendezv\u00e9nyekre, ki\u00e1ll\u00edt\u00e1sokra, szaktan\u00e1csad\u00f3i el\u0151ad\u00e1sokra. &nbsp;Szakmai k\u00e9pz\u00e9seim sor\u00e1n els\u0151sorban az agr\u00e1rigazgat\u00e1si \u00e9s adminisztrat\u00edv feladatok ell\u00e1t\u00e1s\u00e1ra, valamint a szaktan\u00e1csad\u00e1sra helyeztem a hangs\u00falyt. Ezeket az ismereteket a gyakorlatban folyamatosan b\u0151v\u00edtem, k\u00fcl\u00f6n\u00f6sen a m\u00e9h\u00e9szet \u00e9s a vadgazdas\u00e1g ter\u00fclet\u00e9n.<\/p>\n\n\n\n<p><em><strong>Szakmai tapasztalat \u00e9s p\u00e1lyafut\u00e1s<\/strong><\/em><\/p>\n\n\n\n<p>Az elm\u00falt \u00e9vek sor\u00e1n rengeteg tapasztalatot szereztem a mez\u0151gazdas\u00e1g ter\u00fclet\u00e9n mint mag\u00e1nv\u00e1llalkoz\u00f3 \u00e9s mint Falugazd\u00e1sz, f\u0151leg&nbsp; az emberekkel val\u00f3 munk\u00e1ban, \u00fcgyfelekkel val\u00f3 k\u00f6zvetlen kapcsolattart\u00e1sban, \u00fcgyf\u00e9lig\u00e9nyek \u00f6sszegy\u0171jt\u00e9s\u00e9ben \u00e9s kezel\u00e9s\u00e9ben.<br>Jelenleg 158 gazd\u00e1val tartom a kapcsolatot, k\u00f6z\u00fcl\u00fck 60\u201380 gazd\u00e1lkod\u00f3val rendszeresen, akt\u00edv egy\u00fcttm\u0171k\u00f6d\u00e9sben dolgozom. Feladataim k\u00f6z\u00e9 tartozik a folyamatos t\u00e1j\u00e9koztat\u00e1s az aktu\u00e1lis jogszab\u00e1lyokr\u00f3l, felsz\u00f3l\u00edt\u00e1sokr\u00f3l \u00e9s \u00fajdons\u00e1gokr\u00f3l.<br>F\u0151bb er\u0151ss\u00e9geim k\u00f6z\u00e9 tartozik az adminisztr\u00e1ci\u00f3s \u00e9s p\u00e1ly\u00e1zati munka: k\u00e9rv\u00e9nyek kit\u00f6lt\u00e9se, GSAA t\u00e9rk\u00e9pek berajzol\u00e1sa, statisztikai adatok feldolgoz\u00e1sa, t\u00f6rzsk\u00f6nyv- \u00e9s permetez\u00e9si napl\u00f3 vezet\u00e9se, valamint projektek \u00edr\u00e1sa. Emellett gyakorlati tapasztalattal rendelkezem a m\u00e9h\u00e9szet \u00e9s a vadgazdas\u00e1g ter\u00fclet\u00e9n is.<\/p>\n\n\n\n<p><em><strong>Falugazd\u00e1sz- \u00e9s szaktan\u00e1csad\u00f3i tev\u00e9kenys\u00e9g<\/strong><\/em><\/p>\n\n\n\n<p>2019 \u2013ben csatlakoztam a Falugazd\u00e1sz programhoz. Az egyik legfontosabb feladatomnak tartom, hogy a gazd\u00e1k mindig naprak\u00e9sz inform\u00e1ci\u00f3val rendelkezzenek. Ehhez rendszeres szem\u00e9lyes konzult\u00e1ci\u00f3kat, t\u00e1j\u00e9koztat\u00e1sokat \u00e9s \u00fcgyf\u00e9lfogad\u00e1sokat tartok. R\u00e9szt veszek k\u00fcl\u00f6nb\u00f6z\u0151 rendezv\u00e9nyeken, ki\u00e1ll\u00edt\u00e1sokon \u00e9s szaktan\u00e1csad\u00f3i el\u0151ad\u00e1sokon, ahol tud\u00e1somat folyamatosan fejlesztem.<\/p>\n\n\n\n<p><em><strong>K\u00f6z\u00f6ss\u00e9gi szerepv\u00e1llal\u00e1s<\/strong><\/em><\/p>\n\n\n\n<p>Akt\u00edvan r\u00e9szt veszek a helyi k\u00f6z\u00f6ss\u00e9gi \u00e9letben \u00e9s szakmai szervezetekben.<br>Tagja vagyok a Szlov\u00e1kiai Agr\u00e1rkamar\u00e1nak, M\u00e9h\u00e9szeti Term\u00e9ktan\u00e1csnak, a ker\u00fcleti Vad\u00e1szkamara eln\u00f6ks\u00e9g\u00e9nek, valamint a Munka\u00fcgyi Hivatal bizotts\u00e1g\u00e1nak.<br>Ezen fel\u00fcl a Zsel\u00edzi Csemadok alapszervezet \u00e1ltal szervezett kultur\u00e1lis esem\u00e9nyein rendszeresen seg\u00edtkezek.&nbsp;<\/p>\n\n\n\n<p><em><strong>Szakmai c\u00e9lkit\u0171z\u00e9sek<\/strong><\/em><\/p>\n\n\n\n<ul class=\"wp-block-list\">\n<li>A gazd\u00e1kkal val\u00f3 akt\u00edv kapcsolattart\u00e1s tov\u00e1bbi er\u0151s\u00edt\u00e9se, hogy mindenki id\u0151ben \u00e9s \u00e9rthet\u0151en jusson hozz\u00e1 a sz\u00fcks\u00e9ges szakmai inform\u00e1ci\u00f3khoz.<\/li>\n\n\n\n<li>Az adminisztrat\u00edv t\u00e1mogat\u00e1s \u00e9s a p\u00e1ly\u00e1zat\u00edr\u00e1s ter\u00e9n a szolg\u00e1ltat\u00e1sok b\u0151v\u00edt\u00e9se, a gazd\u00e1k munk\u00e1j\u00e1nak megk\u00f6nny\u00edt\u00e9se \u00e9rdek\u00e9ben.<\/li>\n\n\n\n<li>A m\u00e9h\u00e9szeti \u00e9s vadgazd\u00e1lkod\u00e1si ter\u00fcleteken val\u00f3 szakmai tud\u00e1sm\u00e9ly\u00edt\u00e9s, amely hozz\u00e1j\u00e1rulhat a t\u00e9rs\u00e9g gazd\u00e1lkod\u00e1si soksz\u00edn\u0171s\u00e9g\u00e9hez.<\/li>\n\n\n\n<li>A helyi k\u00f6z\u00f6ss\u00e9gi \u00e9s kultur\u00e1lis programokban val\u00f3 akt\u00edv r\u00e9szv\u00e9tel folytat\u00e1sa, amely er\u0151s\u00edti a gazd\u00e1lkod\u00f3k k\u00f6z\u00f6tti \u00f6sszetartoz\u00e1st.<\/li>\n<\/ul>\n","protected":false},"featured_media":517,"template":"","class_list":["post-227","agronomovia","type-agronomovia","status-publish","has-post-thumbnail","hentry","pmpro-has-access"],"acf":[],"_links":{"self":[{"href":"https:\/\/falugazdasz.sk\/hu\/wp-json\/wp\/v2\/agronomovia\/227","targetHints":{"allow":["GET"]}}],"collection":[{"href":"https:\/\/falugazdasz.sk\/hu\/wp-json\/wp\/v2\/agronomovia"}],"about":[{"href":"https:\/\/falugazdasz.sk\/hu\/wp-json\/wp\/v2\/types\/agronomovia"}],"wp:featuredmedia":[{"embeddable":true,"href":"https:\/\/falugazdasz.sk\/hu\/wp-json\/wp\/v2\/media\/517"}],"wp:attachment":[{"href":"https:\/\/falugazdasz.sk\/hu\/wp-json\/wp\/v2\/media?parent=227"}],"curies":[{"name":"wp","href":"https:\/\/api.w.org\/{rel}","templated":true}]}}

Ing. Šuba Viktória

<p><strong>BEMUTATKOZÁS</strong></p>



<p><em><strong>Személyes háttér</strong></em></p>



<p>Családom több generáció óta&nbsp; foglalkozik mezőgazdasággal , ezért döntöttem úgy 9 évvel ezelőtt, hogy folytatom e családi tevékenységet .&nbsp; 2016-től kezdtem meg mezőgazdasági vállalkozásomat mint fiatal gazda. Jelenleg 56 ha területen gazdálkodom, főként gabonafélék és zöldség termesztéssel foglalkozom. A növénytermesztés mellet méhészkedem is. Az évek alatt belekapcsolódtam külömböző szervezetek&nbsp; tevékenykedésébe, ,mint például a Falugazdász programba ,igy volt lehetőségem megismerni a környékbeli kisgazdákat és problémáikat.&nbsp;<br>Falugazdász tevékenységemet a Lévai járásban, Zselízen végzem, ahol saját irodát is működtetek az ügyfelek fogadására. Számomra a mezőgazdaság nem csupán szakmai terület, hanem olyan életforma, amely összefonódik a közösséggel és a gazdálkodók mindennapjaival.</p>



<p><em><strong>Tanulmányok és végzettség</strong></em></p>



<p>Tanulmányaimat 2014-ben fejeztem be a Nyitrai Szlovák Mezőgazdasági Egyetem Kertészettudományi és Tájépítészeti Karán. Rendszeresen járok különböző rendezvényekre, kiállításokra, szaktanácsadói előadásokra. &nbsp;Szakmai képzéseim során elsősorban az agrárigazgatási és adminisztratív feladatok ellátására, valamint a szaktanácsadásra helyeztem a hangsúlyt. Ezeket az ismereteket a gyakorlatban folyamatosan bővítem, különösen a méhészet és a vadgazdaság területén.</p>



<p><em><strong>Szakmai tapasztalat és pályafutás</strong></em></p>



<p>Az elmúlt évek során rengeteg tapasztalatot szereztem a mezőgazdaság területén mint magánvállalkozó és mint Falugazdász, főleg&nbsp; az emberekkel való munkában, ügyfelekkel való közvetlen kapcsolattartásban, ügyféligények összegyűjtésében és kezelésében.<br>Jelenleg 158 gazdával tartom a kapcsolatot, közülük 60–80 gazdálkodóval rendszeresen, aktív együttműködésben dolgozom. Feladataim közé tartozik a folyamatos tájékoztatás az aktuális jogszabályokról, felszólításokról és újdonságokról.<br>Főbb erősségeim közé tartozik az adminisztrációs és pályázati munka: kérvények kitöltése, GSAA térképek berajzolása, statisztikai adatok feldolgozása, törzskönyv- és permetezési napló vezetése, valamint projektek írása. Emellett gyakorlati tapasztalattal rendelkezem a méhészet és a vadgazdaság területén is.</p>



<p><em><strong>Falugazdász- és szaktanácsadói tevékenység</strong></em></p>



<p>2019 –ben csatlakoztam a Falugazdász programhoz. Az egyik legfontosabb feladatomnak tartom, hogy a gazdák mindig naprakész információval rendelkezzenek. Ehhez rendszeres személyes konzultációkat, tájékoztatásokat és ügyfélfogadásokat tartok. Részt veszek különböző rendezvényeken, kiállításokon és szaktanácsadói előadásokon, ahol tudásomat folyamatosan fejlesztem.</p>



<p><em><strong>Közösségi szerepvállalás</strong></em></p>



<p>Aktívan részt veszek a helyi közösségi életben és szakmai szervezetekben.<br>Tagja vagyok a Szlovákiai Agrárkamarának, Méhészeti Terméktanácsnak, a kerületi Vadászkamara elnökségének, valamint a Munkaügyi Hivatal bizottságának.<br>Ezen felül a Zselízi Csemadok alapszervezet által szervezett kulturális eseményein rendszeresen segítkezek.&nbsp;</p>



<p><em><strong>Szakmai célkitűzések</strong></em></p>



<ul class="wp-block-list">
<li>A gazdákkal való aktív kapcsolattartás további erősítése, hogy mindenki időben és érthetően jusson hozzá a szükséges szakmai információkhoz.</li>



<li>Az adminisztratív támogatás és a pályázatírás terén a szolgáltatások bővítése, a gazdák munkájának megkönnyítése érdekében.</li>



<li>A méhészeti és vadgazdálkodási területeken való szakmai tudásmélyítés, amely hozzájárulhat a térség gazdálkodási sokszínűségéhez.</li>



<li>A helyi közösségi és kulturális programokban való aktív részvétel folytatása, amely erősíti a gazdálkodók közötti összetartozást.</li>
</ul>
