{"id":107,"date":"2025-08-14T18:04:11","date_gmt":"2025-08-14T16:04:11","guid":{"rendered":"https:\/\/falugazdasz.wado.sk\/o-nas\/"},"modified":"2025-10-05T15:18:55","modified_gmt":"2025-10-05T13:18:55","slug":"rolunk","status":"publish","type":"page","link":"https:\/\/falugazdasz.sk\/hu\/rolunk\/","title":{"rendered":"R\u00f3lunk"},"content":{"rendered":"\n<div class=\"wp-block-group is-nowrap is-layout-flex wp-container-core-group-is-layout-ad2f72ca wp-block-group-is-layout-flex\">\n<p class=\"has-text-align-left\">A <strong>Felvid\u00e9ki Falugazd\u00e1sz H\u00e1l\u00f3zat<\/strong> Szlov\u00e1kia d\u00e9li hat\u00e1rmenti r\u00e9gi\u00f3iban v\u00e9gzi szaktan\u00e1csad\u00f3i tev\u00e9kenys\u00e9g\u00e9t. A h\u00e1l\u00f3zat keret\u00e9ben az egyes <strong>falugazd\u00e1szok \u2013 mez\u0151gazdas\u00e1gi szaktan\u00e1csad\u00f3k<\/strong> \u2013 a gazd\u00e1lkod\u00f3k szakmai \u00e9rdekeinek \u00e9rv\u00e9nyes\u00edt\u00e9s\u00e9t \u00e9s v\u00e1llalkoz\u00e1suk fejleszt\u00e9s\u00e9t t\u00e1mogatva l\u00e1tj\u00e1k el napi szint\u0171 tan\u00e1csad\u00f3i, koordin\u00e1ci\u00f3s \u00e9s inform\u00e1ci\u00f3k\u00f6zvet\u00edt\u0151 feladataikat, megk\u00f6nny\u00edtve a gazd\u00e1k eligazod\u00e1s\u00e1t a jogszab\u00e1lyi k\u00f6rnyezetben, valamint el\u0151seg\u00edtve a termel\u00e9si, feldolgoz\u00e1si \u00e9s \u00e9rt\u00e9kes\u00edt\u00e9si folyamatok hat\u00e9konys\u00e1g\u00e1t.<br><br><strong>A Falugazd\u00e1sz Program f\u0151 feladatai:<\/strong><\/p>\n\n\n\n<figure class=\"wp-block-image size-full is-resized is-style-default\"><img loading=\"lazy\" decoding=\"async\" width=\"442\" height=\"443\" src=\"https:\/\/falugazdasz.sk\/wp-content\/uploads\/2025\/09\/Kep1.jpg\" alt=\"\" class=\"wp-image-274\" style=\"width:1000px\" srcset=\"https:\/\/falugazdasz.sk\/wp-content\/uploads\/2025\/09\/Kep1.jpg 442w, https:\/\/falugazdasz.sk\/wp-content\/uploads\/2025\/09\/Kep1-300x300.jpg 300w, https:\/\/falugazdasz.sk\/wp-content\/uploads\/2025\/09\/Kep1-150x150.jpg 150w, https:\/\/falugazdasz.sk\/wp-content\/uploads\/2025\/09\/Kep1-312x312.jpg 312w\" sizes=\"auto, (max-width: 442px) 100vw, 442px\" \/><\/figure>\n<\/div>\n\n\n\n<ul class=\"wp-block-list\">\n<li><strong>P\u00e1ly\u00e1zati \u00e9s adminisztrat\u00edv t\u00e1mogat\u00e1s:<\/strong> a gazd\u00e1lkod\u00f3k t\u00e1j\u00e9koztat\u00e1sa nemzeti \u00e9s EU-s p\u00e1ly\u00e1zati lehet\u0151s\u00e9gekr\u0151l, a p\u00e1ly\u00e1zati dokument\u00e1ci\u00f3k \u00e9s k\u00e9relmek elk\u00e9sz\u00edt\u00e9s\u00e9nek szakmai seg\u00edt\u00e9se, valamint a kapcsol\u00f3d\u00f3 jogi \u00e9s adminisztrat\u00edv folyamatok t\u00e1mogat\u00e1sa.<\/li>\n\n\n\n<li><strong>Szakmai tan\u00e1csad\u00e1s:<\/strong> a mez\u0151gazdas\u00e1gi termel\u00e9s, feldolgoz\u00e1s \u00e9s \u00e9rt\u00e9kes\u00edt\u00e9s k\u00fcl\u00f6nb\u00f6z\u0151 ter\u00fcletein ny\u00fajtott szakmai tan\u00e1csad\u00e1s, piaci inform\u00e1ci\u00f3k \u00e9s beszerz\u00e9si lehet\u0151s\u00e9gek biztos\u00edt\u00e1sa, a gazd\u00e1lkod\u00f3k versenyk\u00e9pess\u00e9g\u00e9nek \u00e9s hat\u00e9konys\u00e1g\u00e1nak n\u00f6vel\u00e9se \u00e9rdek\u00e9ben.<\/li>\n\n\n\n<li><strong>Kapcsolattart\u00e1s \u00e9s k\u00e9pviselet:<\/strong> a gazd\u00e1k ig\u00e9nyeinek \u00e9s k\u00e9rd\u00e9seinek \u00f6sszegy\u0171jt\u00e9se, tov\u00e1bb\u00edt\u00e1sa az illet\u00e9kes szervek \u00e9s szakmai szervezetek fel\u00e9, valamint a szakhat\u00f3s\u00e1gi enged\u00e9lyez\u00e9si \u00e9s jogszab\u00e1lyi folyamatok t\u00e1mogat\u00e1sa.<\/li>\n<\/ul>\n\n\n\n<ol class=\"wp-block-list\"><\/ol>\n\n\n\n<p>A h\u00e1l\u00f3zat c\u00e9lja tov\u00e1bbra is v\u00e1ltozatlan: a mez\u0151gazdas\u00e1gi tev\u00e9kenys\u00e9get folytat\u00f3 v\u00e1llalkoz\u00f3k \u00e9s a gazd\u00e1lkod\u00f3i k\u00f6z\u00f6ss\u00e9g fenntarthat\u00f3 fejl\u0151d\u00e9s\u00e9nek el\u0151seg\u00edt\u00e9se, tev\u00e9kenys\u00e9g\u00fck t\u00e1mogat\u00e1sa, valamint megb\u00edzhat\u00f3 szakmai t\u00e1masz biztos\u00edt\u00e1sa a probl\u00e9mamegold\u00e1s sor\u00e1n, k\u00fcl\u00f6n\u00f6s tekintettel az \u00faj adminisztrat\u00edv k\u00f6telezetts\u00e9gek, a piaci kisz\u00e1m\u00edthatatlans\u00e1g \u00e9s a komplex jogszab\u00e1lyi k\u00f6rnyezet kih\u00edv\u00e1saira.<\/p>\n\n\n\n<p>A Szlov\u00e1kiai Magyar V\u00e1llalkoz\u00f3k Sz\u00f6vets\u00e9g\u00e9vel egy\u00fctt \u00faj lend\u00fclettel \u00e9s friss szeml\u00e9lettel kezdhetj\u00fck meg a k\u00f6z\u00f6s munk\u00e1t. A v\u00e1llalkoz\u00f3i gondolkod\u00e1sm\u00f3d el\u0151t\u00e9rbe helyez\u00e9se hozz\u00e1j\u00e1rulhat a gazd\u00e1lkod\u00f3i k\u00f6z\u00f6ss\u00e9g j\u00f3l\u00e9t\u00e9nek, versenyk\u00e9pess\u00e9g\u00e9nek \u00e9s hossz\u00fa t\u00e1v\u00fa meger\u0151s\u00f6d\u00e9s\u00e9nek el\u0151mozd\u00edt\u00e1s\u00e1hoz.<\/p>\n\n\n\n<hr class=\"wp-block-separator has-alpha-channel-opacity\"\/>\n\n\n\n<div class=\"wp-block-group is-nowrap is-layout-flex wp-container-core-group-is-layout-64989fb1 wp-block-group-is-layout-flex\">\n<p>A <strong>Szlov\u00e1kiai Magyar V\u00e1llalkoz\u00f3k Sz\u00f6vets\u00e9ge <\/strong>2016-t\u00f3l \u00e9p\u00edti a felvid\u00e9ki magyar v\u00e1llalkoz\u00f3i k\u00f6z\u00f6ss\u00e9get. Ezalatt k\u00f6zel 1000 v\u00e1llalkoz\u00f3 csatlakozott a kezdem\u00e9nyez\u00e9shez, szerte Felvid\u00e9k telep\u00fcl\u00e9seir\u0151l.<br><br><strong>A sz\u00f6vets\u00e9g feladatai \u00e9s c\u00e9ljai a k\u00f6vetkez\u0151k:<\/strong><\/p>\n\n\n<div class=\"wp-block-image\">\n<figure class=\"alignright size-full is-resized\"><img loading=\"lazy\" decoding=\"async\" width=\"1000\" height=\"363\" src=\"https:\/\/falugazdasz.sk\/wp-content\/uploads\/2025\/09\/menu-logo-1.png\" alt=\"\" class=\"wp-image-346\" style=\"width:750px\" srcset=\"https:\/\/falugazdasz.sk\/wp-content\/uploads\/2025\/09\/menu-logo-1.png 1000w, https:\/\/falugazdasz.sk\/wp-content\/uploads\/2025\/09\/menu-logo-1-300x109.png 300w, https:\/\/falugazdasz.sk\/wp-content\/uploads\/2025\/09\/menu-logo-1-768x279.png 768w\" sizes=\"auto, (max-width: 1000px) 100vw, 1000px\" \/><\/figure>\n<\/div><\/div>\n\n\n\n<ol class=\"wp-block-list\">\n<li>A szlov\u00e1kiai magyar v\u00e1llalkoz\u00f3k \u00f6sszefog\u00e1sa, k\u00f6z\u00f6ss\u00e9g\u00e9 form\u00e1l\u00e1sa \u00e9s t\u00e1mogat\u00e1sa,<\/li>\n\n\n\n<li>A v\u00e1llalkoz\u00f3k versenyk\u00e9pess\u00e9g\u00e9nek \u00e9s hat\u00e9konys\u00e1g\u00e1nak n\u00f6vel\u00e9se, szakmai fejleszt\u00e9se,<\/li>\n\n\n\n<li>A v\u00e1llalkozni v\u00e1gy\u00f3k seg\u00edt\u00e9se, kapcsolati t\u0151k\u00e9j\u00fck n\u00f6vel\u00e9se tan\u00e1csad\u00e1si programok, tud\u00e1st\u00e1r, tematikus aktualit\u00e1sok, \u00fczleti tal\u00e1lkoz\u00f3k k\u00f6zvet\u00edt\u00e9se \u00e1ltal.<\/li>\n<\/ol>\n\n\n\n<p>A sz\u00f6vets\u00e9g feladatainak ell\u00e1t\u00e1s\u00e1t \u00e9s c\u00e9ljainak el\u00e9r\u00e9s\u00e9t olyan programok megszervez\u00e9s\u00e9n kereszt\u00fcl teszi, mint a <strong>region\u00e1lis klubtal\u00e1lkoz\u00f3k, a v\u00e1llalkoz\u00f3i reggelik, az \u00c9v V\u00e1llalkoz\u00f3ja verseny, a mentorprogram, a Kezdj okosan konferencia, a Szeresd hazait kamp\u00e1ny, a VIP program \u00e9s term\u00e9szetesen a Felvid\u00e9ki V\u00e1llalkoz\u00f3i Expo<\/strong>. A sz\u00f6vets\u00e9g honlapj\u00e1n (<a href=\"https:\/\/vallalkozzokosan.sk\/\" target=\"_blank\" rel=\"noopener\">www.vallalkozzokosan.sk<\/a>) mindemellett egy egyszer\u0171 regisztr\u00e1ci\u00f3 ut\u00e1n b\u00e1rki ig\u00e9nybe veheti a tan\u00e1csad\u00e1si programokat, illetve felveheti a kapcsolatot b\u00e1rmelyik, a sz\u00f6vets\u00e9ghez csatlakozott v\u00e1llalkoz\u00f3val.<br>Szervezet\u00fcnk kapcsolatban \u00e1ll sz\u00e1mos K\u00e1rp\u00e1t-medencei v\u00e1llalkoz\u00f3i egyes\u00fclettel, amit a v\u00e1llalkoz\u00f3k a k\u00fclf\u00f6ldi terjeszked\u00e9skor tudnak kamatoztatni. C\u00e9lunk, hogy a v\u00e1llalkoz\u00f3 min\u00e9l t\u00f6bb szakmai ismeretre \u00e9s kapcsolati t\u0151k\u00e9re tegyen szert. Ez\u00e9rt hoztuk l\u00e9tre a sz\u00f6vets\u00e9get \u00e9s ez\u00e9rt dolgozunk nap mint nap.<\/p>\n\n\n\n<p>2025. augusztus 1-t\u0151l pedig \u00f3ri\u00e1si megtiszteltet\u00e9s \u00e9rte szervezet\u00fcnket, mi koordin\u00e1lhatjuk a <strong>Felvid\u00e9ki Falugazd\u00e1sz H\u00e1l\u00f3zatot.<\/strong> C\u00e9lunk, hogy folytassuk az elm\u00falt \u00e9vek munk\u00e1j\u00e1t, seg\u00edts\u00fck a gazd\u00e1k mindennapjait, illetve hogy \u00faj c\u00e9lok kit\u0171z\u00e9s\u00e9vel, l\u00e1that\u00f3bb\u00e1 tegy\u00fck a Felvid\u00e9ki Falugazd\u00e1sz H\u00e1l\u00f3zatot.<\/p>\n","protected":false},"excerpt":{"rendered":"<p>A Felvid\u00e9ki Falugazd\u00e1sz H\u00e1l\u00f3zat Szlov\u00e1kia d\u00e9li hat\u00e1rmenti r\u00e9gi\u00f3iban v\u00e9gzi szaktan\u00e1csad\u00f3i tev\u00e9kenys\u00e9g\u00e9t. A h\u00e1l\u00f3zat keret\u00e9ben az egyes falugazd\u00e1szok \u2013 mez\u0151gazdas\u00e1gi szaktan\u00e1csad\u00f3k \u2013 a gazd\u00e1lkod\u00f3k szakmai \u00e9rdekeinek \u00e9rv\u00e9nyes\u00edt\u00e9s\u00e9t \u00e9s v\u00e1llalkoz\u00e1suk fejleszt\u00e9s\u00e9t t\u00e1mogatva [&hellip;]<\/p>\n","protected":false},"author":1,"featured_media":0,"parent":0,"menu_order":0,"comment_status":"closed","ping_status":"closed","template":"","meta":{"_acf_changed":false,"pmpro_default_level":"","inline_featured_image":false,"footnotes":""},"class_list":["post-107","page","type-page","status-publish","hentry","pmpro-has-access"],"acf":[],"_links":{"self":[{"href":"https:\/\/falugazdasz.sk\/hu\/wp-json\/wp\/v2\/pages\/107","targetHints":{"allow":["GET"]}}],"collection":[{"href":"https:\/\/falugazdasz.sk\/hu\/wp-json\/wp\/v2\/pages"}],"about":[{"href":"https:\/\/falugazdasz.sk\/hu\/wp-json\/wp\/v2\/types\/page"}],"author":[{"embeddable":true,"href":"https:\/\/falugazdasz.sk\/hu\/wp-json\/wp\/v2\/users\/1"}],"replies":[{"embeddable":true,"href":"https:\/\/falugazdasz.sk\/hu\/wp-json\/wp\/v2\/comments?post=107"}],"version-history":[{"count":44,"href":"https:\/\/falugazdasz.sk\/hu\/wp-json\/wp\/v2\/pages\/107\/revisions"}],"predecessor-version":[{"id":706,"href":"https:\/\/falugazdasz.sk\/hu\/wp-json\/wp\/v2\/pages\/107\/revisions\/706"}],"wp:attachment":[{"href":"https:\/\/falugazdasz.sk\/hu\/wp-json\/wp\/v2\/media?parent=107"}],"curies":[{"name":"wp","href":"https:\/\/api.w.org\/{rel}","templated":true}]}}

Rólunk

<div class="wp-block-group is-nowrap is-layout-flex wp-container-core-group-is-layout-ad2f72ca wp-block-group-is-layout-flex">
<p class="has-text-align-left">A <strong>Felvidéki Falugazdász Hálózat</strong> Szlovákia déli határmenti régióiban végzi szaktanácsadói tevékenységét. A hálózat keretében az egyes <strong>falugazdászok – mezőgazdasági szaktanácsadók</strong> – a gazdálkodók szakmai érdekeinek érvényesítését és vállalkozásuk fejlesztését támogatva látják el napi szintű tanácsadói, koordinációs és információközvetítő feladataikat, megkönnyítve a gazdák eligazodását a jogszabályi környezetben, valamint elősegítve a termelési, feldolgozási és értékesítési folyamatok hatékonyságát.<br><br><strong>A Falugazdász Program fő feladatai:</strong></p>



<figure class="wp-block-image size-full is-resized is-style-default"><img loading="lazy" decoding="async" width="442" height="443" src="https://falugazdasz.sk/wp-content/uploads/2025/09/Kep1.jpg" alt="" class="wp-image-274" style="width:1000px" srcset="https://falugazdasz.sk/wp-content/uploads/2025/09/Kep1.jpg 442w, https://falugazdasz.sk/wp-content/uploads/2025/09/Kep1-300x300.jpg 300w, https://falugazdasz.sk/wp-content/uploads/2025/09/Kep1-150x150.jpg 150w, https://falugazdasz.sk/wp-content/uploads/2025/09/Kep1-312x312.jpg 312w" sizes="auto, (max-width: 442px) 100vw, 442px" /></figure>
</div>



<ul class="wp-block-list">
<li><strong>Pályázati és adminisztratív támogatás:</strong> a gazdálkodók tájékoztatása nemzeti és EU-s pályázati lehetőségekről, a pályázati dokumentációk és kérelmek elkészítésének szakmai segítése, valamint a kapcsolódó jogi és adminisztratív folyamatok támogatása.</li>



<li><strong>Szakmai tanácsadás:</strong> a mezőgazdasági termelés, feldolgozás és értékesítés különböző területein nyújtott szakmai tanácsadás, piaci információk és beszerzési lehetőségek biztosítása, a gazdálkodók versenyképességének és hatékonyságának növelése érdekében.</li>



<li><strong>Kapcsolattartás és képviselet:</strong> a gazdák igényeinek és kérdéseinek összegyűjtése, továbbítása az illetékes szervek és szakmai szervezetek felé, valamint a szakhatósági engedélyezési és jogszabályi folyamatok támogatása.</li>
</ul>



<ol class="wp-block-list"></ol>



<p>A hálózat célja továbbra is változatlan: a mezőgazdasági tevékenységet folytató vállalkozók és a gazdálkodói közösség fenntartható fejlődésének elősegítése, tevékenységük támogatása, valamint megbízható szakmai támasz biztosítása a problémamegoldás során, különös tekintettel az új adminisztratív kötelezettségek, a piaci kiszámíthatatlanság és a komplex jogszabályi környezet kihívásaira.</p>



<p>A Szlovákiai Magyar Vállalkozók Szövetségével együtt új lendülettel és friss szemlélettel kezdhetjük meg a közös munkát. A vállalkozói gondolkodásmód előtérbe helyezése hozzájárulhat a gazdálkodói közösség jólétének, versenyképességének és hosszú távú megerősödésének előmozdításához.</p>



<hr class="wp-block-separator has-alpha-channel-opacity"/>



<div class="wp-block-group is-nowrap is-layout-flex wp-container-core-group-is-layout-64989fb1 wp-block-group-is-layout-flex">
<p>A <strong>Szlovákiai Magyar Vállalkozók Szövetsége </strong>2016-tól építi a felvidéki magyar vállalkozói közösséget. Ezalatt közel 1000 vállalkozó csatlakozott a kezdeményezéshez, szerte Felvidék településeiről.<br><br><strong>A szövetség feladatai és céljai a következők:</strong></p>


<div class="wp-block-image">
<figure class="alignright size-full is-resized"><img loading="lazy" decoding="async" width="1000" height="363" src="https://falugazdasz.sk/wp-content/uploads/2025/09/menu-logo-1.png" alt="" class="wp-image-346" style="width:750px" srcset="https://falugazdasz.sk/wp-content/uploads/2025/09/menu-logo-1.png 1000w, https://falugazdasz.sk/wp-content/uploads/2025/09/menu-logo-1-300x109.png 300w, https://falugazdasz.sk/wp-content/uploads/2025/09/menu-logo-1-768x279.png 768w" sizes="auto, (max-width: 1000px) 100vw, 1000px" /></figure>
</div></div>



<ol class="wp-block-list">
<li>A szlovákiai magyar vállalkozók összefogása, közösségé formálása és támogatása,</li>



<li>A vállalkozók versenyképességének és hatékonyságának növelése, szakmai fejlesztése,</li>



<li>A vállalkozni vágyók segítése, kapcsolati tőkéjük növelése tanácsadási programok, tudástár, tematikus aktualitások, üzleti találkozók közvetítése által.</li>
</ol>



<p>A szövetség feladatainak ellátását és céljainak elérését olyan programok megszervezésén keresztül teszi, mint a <strong>regionális klubtalálkozók, a vállalkozói reggelik, az Év Vállalkozója verseny, a mentorprogram, a Kezdj okosan konferencia, a Szeresd hazait kampány, a VIP program és természetesen a Felvidéki Vállalkozói Expo</strong>. A szövetség honlapján (<a href="https://vallalkozzokosan.sk/" target="_blank" rel="noopener">www.vallalkozzokosan.sk</a>) mindemellett egy egyszerű regisztráció után bárki igénybe veheti a tanácsadási programokat, illetve felveheti a kapcsolatot bármelyik, a szövetséghez csatlakozott vállalkozóval.<br>Szervezetünk kapcsolatban áll számos Kárpát-medencei vállalkozói egyesülettel, amit a vállalkozók a külföldi terjeszkedéskor tudnak kamatoztatni. Célunk, hogy a vállalkozó minél több szakmai ismeretre és kapcsolati tőkére tegyen szert. Ezért hoztuk létre a szövetséget és ezért dolgozunk nap mint nap.</p>



<p>2025. augusztus 1-től pedig óriási megtiszteltetés érte szervezetünket, mi koordinálhatjuk a <strong>Felvidéki Falugazdász Hálózatot.</strong> Célunk, hogy folytassuk az elmúlt évek munkáját, segítsük a gazdák mindennapjait, illetve hogy új célok kitűzésével, láthatóbbá tegyük a Felvidéki Falugazdász Hálózatot.</p>

<p>A Felvidéki Falugazdász Hálózat Szlovákia déli határmenti régióiban végzi szaktanácsadói tevékenységét. A hálózat keretében az egyes falugazdászok – mezőgazdasági szaktanácsadók – a gazdálkodók szakmai érdekeinek érvényesítését és vállalkozásuk fejlesztését támogatva [&hellip;]</p>
