{"id":1012,"date":"2025-11-18T11:51:15","date_gmt":"2025-11-18T10:51:15","guid":{"rendered":"https:\/\/falugazdasz.sk\/?post_type=tribe_events&#038;p=1012"},"modified":"2025-11-18T11:54:24","modified_gmt":"2025-11-18T10:54:24","slug":"novenyvedo-szerek-teruleten-vegzett-szakmai-kepzes-modul-123","status":"publish","type":"tribe_events","link":"https:\/\/falugazdasz.sk\/hu\/esemeny\/novenyvedo-szerek-teruleten-vegzett-szakmai-kepzes-modul-123\/","title":{"rendered":"N\u00f6v\u00e9nyv\u00e9d\u0151 szerek ter\u00fclet\u00e9n v\u00e9gzett szakmai k\u00e9pz\u00e9s &#8211; MODUL 1,2,3"},"content":{"rendered":"<ul class=\"wp-block-list\">\n<li>N\u00f6v\u00e9nyv\u00e9d\u0151 szerek ter\u00fclet\u00e9n v\u00e9gzett szakmai k\u00e9pz\u00e9s\u00a0<strong>ELAD\u00d3K<\/strong>\u00a0sz\u00e1m\u00e1ra (1. modul)<br \/>\nId\u0151pont:\u00a0<strong>2025.11.28. \u2013 online \u00e9s szem\u00e9lyes form\u00e1ban<\/strong>.<br \/>\n<a class=\"wp-block-button__link wp-element-button\" href=\"https:\/\/www.izpi.sk\/sk\/kalendar-skoleni\/odborne-vzdelavanie-v-oblasti-pripravkov-na-ochranu-rastlin-pre-predajcov-modul-01\/1554\" target=\"_blank\" rel=\"noopener\">MODUL 1 regisztr\u00e1ci\u00f3<\/a><\/li>\n<li>N\u00f6v\u00e9nyv\u00e9d\u0151 szerek ter\u00fclet\u00e9n v\u00e9gzett szakmai k\u00e9pz\u00e9s\u00a0<strong>MEZ\u0150GAZDAS\u00c1GI VEZET\u0150K<\/strong>\u00a0sz\u00e1m\u00e1ra (2. modul)<br \/>\nId\u0151pont:\u00a0<strong>2025.11.28. \u2013 online \u00e9s szem\u00e9lyes form\u00e1ban<\/strong>.<br \/>\n<a class=\"wp-block-button__link wp-element-button\" href=\"https:\/\/www.izpi.sk\/sk\/kalendar-skoleni\/odborne-vzdelavanie-v-oblasti-pripravkov-na-ochranu-rastlin-pre-veducich-pracovnikov-v-polnohospodarstve-modul-02\/1555\" target=\"_blank\" rel=\"noopener\">MODUL 2 regisztr\u00e1ci\u00f3<\/a><\/li>\n<li>N\u00f6v\u00e9nyv\u00e9d\u0151 szerek ter\u00fclet\u00e9n v\u00e9gzett szakmai k\u00e9pz\u00e9s <strong>MEZ\u0150GAZDAS\u00c1GI ALKALMAZOTTAK<\/strong><span style=\"color: #333333;\">\u00a0sz\u00e1m\u00e1ra (3. modul).<\/span><br \/>\nId\u0151pont:\u00a0<strong>2025.11.28. \u2013 online \u00e9s szem\u00e9lyes form\u00e1ban<\/strong>.<br \/>\n<a class=\"wp-block-button__link wp-element-button\" href=\"https:\/\/www.izpi.sk\/sk\/kalendar-skoleni\/odborne-vzdelavanie-v-oblasti-pripravkov-na-ochranu-rastlin-pre-aplikatorov-v-polnohospodarstve-modul-03\/1556\" target=\"_blank\" rel=\"noopener\">MODUL 3 regisztr\u00e1ci\u00f3<\/a><\/li>\n<\/ul>\n","protected":false},"excerpt":{"rendered":"<p>N\u00f6v\u00e9nyv\u00e9d\u0151 szerek ter\u00fclet\u00e9n v\u00e9gzett szakmai k\u00e9pz\u00e9s\u00a0ELAD\u00d3K\u00a0sz\u00e1m\u00e1ra (1. modul) Id\u0151pont:\u00a02025.11.28. \u2013 online \u00e9s szem\u00e9lyes form\u00e1ban. MODUL 1 regisztr\u00e1ci\u00f3 N\u00f6v\u00e9nyv\u00e9d\u0151 szerek ter\u00fclet\u00e9n v\u00e9gzett szakmai k\u00e9pz\u00e9s\u00a0MEZ\u0150GAZDAS\u00c1GI VEZET\u0150K\u00a0sz\u00e1m\u00e1ra (2. modul) Id\u0151pont:\u00a02025.11.28. \u2013 online \u00e9s [&hellip;]<\/p>\n","protected":false},"author":2,"featured_media":434,"template":"","meta":{"_acf_changed":false,"pmpro_default_level":"","inline_featured_image":false,"_tribe_events_status":"","_tribe_events_status_reason":"","footnotes":""},"tags":[],"tribe_events_cat":[],"class_list":["post-1012","tribe_events","type-tribe_events","status-publish","has-post-thumbnail","hentry","pmpro-has-access"],"acf":[],"_links":{"self":[{"href":"https:\/\/falugazdasz.sk\/hu\/wp-json\/wp\/v2\/tribe_events\/1012","targetHints":{"allow":["GET"]}}],"collection":[{"href":"https:\/\/falugazdasz.sk\/hu\/wp-json\/wp\/v2\/tribe_events"}],"about":[{"href":"https:\/\/falugazdasz.sk\/hu\/wp-json\/wp\/v2\/types\/tribe_events"}],"author":[{"embeddable":true,"href":"https:\/\/falugazdasz.sk\/hu\/wp-json\/wp\/v2\/users\/2"}],"version-history":[{"count":3,"href":"https:\/\/falugazdasz.sk\/hu\/wp-json\/wp\/v2\/tribe_events\/1012\/revisions"}],"predecessor-version":[{"id":1021,"href":"https:\/\/falugazdasz.sk\/hu\/wp-json\/wp\/v2\/tribe_events\/1012\/revisions\/1021"}],"wp:featuredmedia":[{"embeddable":true,"href":"https:\/\/falugazdasz.sk\/hu\/wp-json\/wp\/v2\/media\/434"}],"wp:attachment":[{"href":"https:\/\/falugazdasz.sk\/hu\/wp-json\/wp\/v2\/media?parent=1012"}],"wp:term":[{"taxonomy":"post_tag","embeddable":true,"href":"https:\/\/falugazdasz.sk\/hu\/wp-json\/wp\/v2\/tags?post=1012"},{"taxonomy":"tribe_events_cat","embeddable":true,"href":"https:\/\/falugazdasz.sk\/hu\/wp-json\/wp\/v2\/tribe_events_cat?post=1012"}],"curies":[{"name":"wp","href":"https:\/\/api.w.org\/{rel}","templated":true}]}}

Növényvédő szerek területén végzett szakmai képzés &#8211; MODUL 1,2,3

<ul class="wp-block-list">
<li>Növényvédő szerek területén végzett szakmai képzés <strong>ELADÓK</strong> számára (1. modul)<br />
Időpont: <strong>2025.11.28. – online és személyes formában</strong>.<br />
<a class="wp-block-button__link wp-element-button" href="https://www.izpi.sk/sk/kalendar-skoleni/odborne-vzdelavanie-v-oblasti-pripravkov-na-ochranu-rastlin-pre-predajcov-modul-01/1554" target="_blank" rel="noopener">MODUL 1 regisztráció</a></li>
<li>Növényvédő szerek területén végzett szakmai képzés <strong>MEZŐGAZDASÁGI VEZETŐK</strong> számára (2. modul)<br />
Időpont: <strong>2025.11.28. – online és személyes formában</strong>.<br />
<a class="wp-block-button__link wp-element-button" href="https://www.izpi.sk/sk/kalendar-skoleni/odborne-vzdelavanie-v-oblasti-pripravkov-na-ochranu-rastlin-pre-veducich-pracovnikov-v-polnohospodarstve-modul-02/1555" target="_blank" rel="noopener">MODUL 2 regisztráció</a></li>
<li>Növényvédő szerek területén végzett szakmai képzés <strong>MEZŐGAZDASÁGI ALKALMAZOTTAK</strong><span style="color: #333333;"> számára (3. modul).</span><br />
Időpont: <strong>2025.11.28. – online és személyes formában</strong>.<br />
<a class="wp-block-button__link wp-element-button" href="https://www.izpi.sk/sk/kalendar-skoleni/odborne-vzdelavanie-v-oblasti-pripravkov-na-ochranu-rastlin-pre-aplikatorov-v-polnohospodarstve-modul-03/1556" target="_blank" rel="noopener">MODUL 3 regisztráció</a></li>
</ul>

<p>Növényvédő szerek területén végzett szakmai képzés ELADÓK számára (1. modul) Időpont: 2025.11.28. – online és személyes formában. MODUL 1 regisztráció Növényvédő szerek területén végzett szakmai képzés MEZŐGAZDASÁGI VEZETŐK számára (2. modul) Időpont: 2025.11.28. – online és [&hellip;]</p>
