{"id":1023,"date":"2025-11-20T18:41:01","date_gmt":"2025-11-20T17:41:01","guid":{"rendered":"https:\/\/falugazdasz.sk\/?post_type=tribe_events&#038;p=1023"},"modified":"2026-02-06T14:45:52","modified_gmt":"2026-02-06T13:45:52","slug":"nemzetkozi-workshop-klimavaltozas-kihivasok-a-mezogazdasagban-es-a-vizgazdalkodasban","status":"publish","type":"tribe_events","link":"https:\/\/falugazdasz.sk\/hu\/esemeny\/nemzetkozi-workshop-klimavaltozas-kihivasok-a-mezogazdasagban-es-a-vizgazdalkodasban\/","title":{"rendered":"Nemzetk\u00f6zi workshop: Kl\u00edmav\u00e1ltoz\u00e1s \u2013 Kih\u00edv\u00e1sok a mez\u0151gazdas\u00e1gban \u00e9s a v\u00edzgazd\u00e1lkod\u00e1sban"},"content":{"rendered":"<p data-start=\"0\" data-end=\"278\">A <strong data-start=\"2\" data-end=\"74\">\u201eKl\u00edmav\u00e1ltoz\u00e1s \u2013 kih\u00edv\u00e1sok a mez\u0151gazdas\u00e1gban \u00e9s a v\u00edzgazd\u00e1lkod\u00e1sban\u201d<\/strong> c\u00edm\u0171 nemzetk\u00f6zi workshop az <strong data-start=\"103\" data-end=\"140\">EU Duna R\u00e9gi\u00f3 Strat\u00e9gi\u00e1ja (EUSDR)<\/strong> keret\u00e9ben, a <strong data-start=\"154\" data-end=\"194\">4. priorit\u00e1si ter\u00fclet \u2013 \u201eV\u00edzmin\u0151s\u00e9g\u201d<\/strong> \u00e9gisze alatt ker\u00fcl megrendez\u00e9sre, <strong data-start=\"229\" data-end=\"277\">2025. december 4-\u00e9n Pozsonyban<\/strong>.<\/p>\n<p data-start=\"280\" data-end=\"517\">A workshop f\u0151 c\u00e9lja a tapasztalatok, ismeretek \u00e9s bev\u00e1lt gyakorlatok megoszt\u00e1sa a <strong data-start=\"362\" data-end=\"407\">fenntarthat\u00f3 mez\u0151gazdas\u00e1gi megk\u00f6zel\u00edt\u00e9sek<\/strong> ter\u00e9n, amelyek n\u00f6velik az alkalmazkod\u00f3k\u00e9pess\u00e9get a v\u00edz- \u00e9s kl\u00edmav\u00e1ltoz\u00e1s hat\u00e1saival szemben. Ilyenek p\u00e9ld\u00e1ul:<\/p>\n<ul>\n<li data-start=\"521\" data-end=\"562\">sz\u00e1razs\u00e1gt\u0171r\u0151 n\u00f6v\u00e9nyfajt\u00e1k alkalmaz\u00e1sa,<\/li>\n<li data-start=\"521\" data-end=\"562\">korszer\u0171s\u00edtett \u00f6nt\u00f6z\u0151rendszerek,<\/li>\n<li data-start=\"521\" data-end=\"562\">kl\u00edmatudatos (climate-smart) gazd\u00e1lkod\u00e1si technik\u00e1k,<\/li>\n<li data-start=\"521\" data-end=\"562\">a diff\u00faz szennyez\u00e9s, a t\u00e1panyagvesztes\u00e9g \u00e9s a kibocs\u00e1t\u00e1sok cs\u00f6kkent\u00e9se,<\/li>\n<li data-start=\"521\" data-end=\"562\">hat\u00e9konyabb f\u00f6ldhaszn\u00e1lat-menedzsment.<\/li>\n<\/ul>\n<p data-start=\"777\" data-end=\"851\" data-is-last-node=\"\" data-is-only-node=\"\">Tov\u00e1bbi r\u00e9szletek a Koncepci\u00f3s dokumentumban \u00e9s a programban tal\u00e1lhat\u00f3k <a href=\"https:\/\/falugazdasz.sk\/wp-content\/uploads\/2025\/11\/Draft-Agenda-WS_4-December-2025-Bratislava_sk_sent.pdf\"><strong>ITT<\/strong><\/a> .<\/p>\n<p data-start=\"777\" data-end=\"851\" data-is-last-node=\"\" data-is-only-node=\"\"><strong><a href=\"https:\/\/forms.office.com\/Pages\/ResponsePage.aspx?id=WAggRCxvfkSXpyfLpHvAIoX1axjmMpdJmHBzAZ2pRy9UM1FJME9XUDJMNUxZOE5OWDM2NDZPMEtZRS4u&amp;fbclid=IwZXh0bgNhZW0CMTAAYnJpZBEwd2FiWWtkMHNEeTVNczhzWHNydGMGYXBwX2lkEDIyMjAzOTE3ODgyMDA4OTIIY2FsbHNpdGUBMgABHlb0-Afm6uJCzPuhXraQDmT5D56CaIMjIjbNs703M1yM4wlQCZx0vy9l36G8_aem_-Sxs4iIH3gZ0rGEsAuItEw\" target=\"_blank\" rel=\"noopener\">REGISZTR\u00c1CI\u00d3<\/a><\/strong><\/p>\n","protected":false},"excerpt":{"rendered":"<p>A \u201eKl\u00edmav\u00e1ltoz\u00e1s \u2013 kih\u00edv\u00e1sok a mez\u0151gazdas\u00e1gban \u00e9s a v\u00edzgazd\u00e1lkod\u00e1sban\u201d c\u00edm\u0171 nemzetk\u00f6zi workshop az EU Duna R\u00e9gi\u00f3 Strat\u00e9gi\u00e1ja (EUSDR) keret\u00e9ben, a 4. priorit\u00e1si ter\u00fclet \u2013 \u201eV\u00edzmin\u0151s\u00e9g\u201d \u00e9gisze alatt ker\u00fcl megrendez\u00e9sre, 2025. [&hellip;]<\/p>\n","protected":false},"author":2,"featured_media":1024,"template":"","meta":{"_acf_changed":false,"pmpro_default_level":"","inline_featured_image":false,"_tribe_events_status":"","_tribe_events_status_reason":"","footnotes":""},"tags":[],"tribe_events_cat":[],"class_list":["post-1023","tribe_events","type-tribe_events","status-publish","has-post-thumbnail","hentry","pmpro-has-access"],"acf":[],"_links":{"self":[{"href":"https:\/\/falugazdasz.sk\/hu\/wp-json\/wp\/v2\/tribe_events\/1023","targetHints":{"allow":["GET"]}}],"collection":[{"href":"https:\/\/falugazdasz.sk\/hu\/wp-json\/wp\/v2\/tribe_events"}],"about":[{"href":"https:\/\/falugazdasz.sk\/hu\/wp-json\/wp\/v2\/types\/tribe_events"}],"author":[{"embeddable":true,"href":"https:\/\/falugazdasz.sk\/hu\/wp-json\/wp\/v2\/users\/2"}],"version-history":[{"count":4,"href":"https:\/\/falugazdasz.sk\/hu\/wp-json\/wp\/v2\/tribe_events\/1023\/revisions"}],"predecessor-version":[{"id":1033,"href":"https:\/\/falugazdasz.sk\/hu\/wp-json\/wp\/v2\/tribe_events\/1023\/revisions\/1033"}],"wp:featuredmedia":[{"embeddable":true,"href":"https:\/\/falugazdasz.sk\/hu\/wp-json\/wp\/v2\/media\/1024"}],"wp:attachment":[{"href":"https:\/\/falugazdasz.sk\/hu\/wp-json\/wp\/v2\/media?parent=1023"}],"wp:term":[{"taxonomy":"post_tag","embeddable":true,"href":"https:\/\/falugazdasz.sk\/hu\/wp-json\/wp\/v2\/tags?post=1023"},{"taxonomy":"tribe_events_cat","embeddable":true,"href":"https:\/\/falugazdasz.sk\/hu\/wp-json\/wp\/v2\/tribe_events_cat?post=1023"}],"curies":[{"name":"wp","href":"https:\/\/api.w.org\/{rel}","templated":true}]}}

Nemzetközi workshop: Klímaváltozás – Kihívások a mezőgazdaságban és a vízgazdálkodásban

<p data-start="0" data-end="278">A <strong data-start="2" data-end="74">„Klímaváltozás – kihívások a mezőgazdaságban és a vízgazdálkodásban”</strong> című nemzetközi workshop az <strong data-start="103" data-end="140">EU Duna Régió Stratégiája (EUSDR)</strong> keretében, a <strong data-start="154" data-end="194">4. prioritási terület – „Vízminőség”</strong> égisze alatt kerül megrendezésre, <strong data-start="229" data-end="277">2025. december 4-én Pozsonyban</strong>.</p>
<p data-start="280" data-end="517">A workshop fő célja a tapasztalatok, ismeretek és bevált gyakorlatok megosztása a <strong data-start="362" data-end="407">fenntartható mezőgazdasági megközelítések</strong> terén, amelyek növelik az alkalmazkodóképességet a víz- és klímaváltozás hatásaival szemben. Ilyenek például:</p>
<ul>
<li data-start="521" data-end="562">szárazságtűrő növényfajták alkalmazása,</li>
<li data-start="521" data-end="562">korszerűsített öntözőrendszerek,</li>
<li data-start="521" data-end="562">klímatudatos (climate-smart) gazdálkodási technikák,</li>
<li data-start="521" data-end="562">a diffúz szennyezés, a tápanyagveszteség és a kibocsátások csökkentése,</li>
<li data-start="521" data-end="562">hatékonyabb földhasználat-menedzsment.</li>
</ul>
<p data-start="777" data-end="851" data-is-last-node="" data-is-only-node="">További részletek a Koncepciós dokumentumban és a programban találhatók <a href="https://falugazdasz.sk/wp-content/uploads/2025/11/Draft-Agenda-WS_4-December-2025-Bratislava_sk_sent.pdf"><strong>ITT</strong></a> .</p>
<p data-start="777" data-end="851" data-is-last-node="" data-is-only-node=""><strong><a href="https://forms.office.com/Pages/ResponsePage.aspx?id=WAggRCxvfkSXpyfLpHvAIoX1axjmMpdJmHBzAZ2pRy9UM1FJME9XUDJMNUxZOE5OWDM2NDZPMEtZRS4u&amp;fbclid=IwZXh0bgNhZW0CMTAAYnJpZBEwd2FiWWtkMHNEeTVNczhzWHNydGMGYXBwX2lkEDIyMjAzOTE3ODgyMDA4OTIIY2FsbHNpdGUBMgABHlb0-Afm6uJCzPuhXraQDmT5D56CaIMjIjbNs703M1yM4wlQCZx0vy9l36G8_aem_-Sxs4iIH3gZ0rGEsAuItEw" target="_blank" rel="noopener">REGISZTRÁCIÓ</a></strong></p>

<p>A „Klímaváltozás – kihívások a mezőgazdaságban és a vízgazdálkodásban” című nemzetközi workshop az EU Duna Régió Stratégiája (EUSDR) keretében, a 4. prioritási terület – „Vízminőség” égisze alatt kerül megrendezésre, 2025. [&hellip;]</p>
