{"id":421,"date":"2025-09-29T15:28:22","date_gmt":"2025-09-29T13:28:22","guid":{"rendered":"https:\/\/falugazdasz.sk\/?post_type=tribe_events&#038;p=421"},"modified":"2025-09-29T15:34:33","modified_gmt":"2025-09-29T13:34:33","slug":"felvideki-vallalkozoi-expo","status":"publish","type":"tribe_events","link":"https:\/\/falugazdasz.sk\/hu\/esemeny\/felvideki-vallalkozoi-expo\/","title":{"rendered":"Felvid\u00e9ki V\u00e1llalkoz\u00f3i Expo"},"content":{"rendered":"<p>A Felvid\u00e9ki V\u00e1llalkoz\u00f3i Expo 2025.11.7-\u00e9n ker\u00fcl megrendez\u00e9sre a dunaszerdahelyi MOL Ar\u00e9n\u00e1ban.<\/p>\n<p>A rendezv\u00e9ny ingyenes!<\/p>\n<p>Az Expo c\u00e9lja:<br \/>\n&#8211; A felvid\u00e9ki magyar v\u00e1llalkoz\u00f3k bemutatkoz\u00e1si lehet\u0151s\u00e9g\u00e9nek el\u0151seg\u00edt\u00e9se<br \/>\n&#8211; A ki\u00e1ll\u00edt\u00f3k \u00e9s l\u00e1togat\u00f3k kapcsolatrendszer\u00e9nek k\u00f6lcs\u00f6n\u00f6s b\u0151v\u00edt\u00e9se<br \/>\n&#8211; Egy\u00fcttm\u0171k\u00f6d\u00e9sek l\u00e9trehoz\u00e1sa<br \/>\n&#8211; Mintegy 80 kis \u2013 \u00e9s k\u00f6z\u00e9pv\u00e1llalkoz\u00f3 term\u00e9keinek\/szolg\u00e1ltat\u00e1sainak bemutat\u00e1sa.<\/p>\n<p>Program:<br \/>\n8.00 &#8211; 9.00 Kapunyit\u00e1s, regisztr\u00e1ci\u00f3<br \/>\n9.00 &#8211; 9.30 Hivatalos megnyit\u00f3<br \/>\n9.30 &#8211; 10.30 Nyit\u00f3 el\u0151ad\u00e1s<br \/>\n11.00 &#8211; 11.15 Region\u00e1lis Innov\u00e1ci\u00f3s Fejleszt\u00e9si \u00dcgyn\u00f6ks\u00e9g bemutatkoz\u00f3ja<br \/>\n11.15 &#8211; 12.00 V\u00e1llalkoz\u00f3i mentorprogram a Felvid\u00e9ken &#8211; kerekasztal besz\u00e9lget\u00e9s<br \/>\n13.00 &#8211; 13.45 Wolf G\u00e1bor &#8211; Marketing Commando<br \/>\n14.00 &#8211; 14.45 Felvid\u00e9ki Falugazd\u00e1sz H\u00e1l\u00f3zat &#8211; kerekasztal besz\u00e9lget\u00e9s<br \/>\n14.45 &#8211; 16.00 B2B panel &#8211; v\u00e1llalkoz\u00f3i tal\u00e1lkoz\u00f3k<br \/>\n16.00 &#8211; 16.45 Z\u00e1r\u00f3 el\u0151ad\u00e1s<br \/>\n16.45 &#8211; Z\u00e1rsz\u00f3 \u00e9s a ki\u00e1ll\u00edt\u00f3i verseny eredm\u00e9nyhirdet\u00e9se.<\/p>\n","protected":false},"excerpt":{"rendered":"<p>A Felvid\u00e9ki V\u00e1llalkoz\u00f3i Expo 2025.11.7-\u00e9n ker\u00fcl megrendez\u00e9sre a dunaszerdahelyi MOL Ar\u00e9n\u00e1ban. A rendezv\u00e9ny ingyenes! Az Expo c\u00e9lja: &#8211; A felvid\u00e9ki magyar v\u00e1llalkoz\u00f3k bemutatkoz\u00e1si lehet\u0151s\u00e9g\u00e9nek el\u0151seg\u00edt\u00e9se &#8211; A ki\u00e1ll\u00edt\u00f3k \u00e9s l\u00e1togat\u00f3k [&hellip;]<\/p>\n","protected":false},"author":2,"featured_media":422,"template":"","meta":{"_acf_changed":false,"pmpro_default_level":"","inline_featured_image":false,"_tribe_events_status":"","_tribe_events_status_reason":"","footnotes":""},"tags":[],"tribe_events_cat":[],"class_list":["post-421","tribe_events","type-tribe_events","status-publish","has-post-thumbnail","hentry","pmpro-has-access"],"acf":[],"_links":{"self":[{"href":"https:\/\/falugazdasz.sk\/hu\/wp-json\/wp\/v2\/tribe_events\/421","targetHints":{"allow":["GET"]}}],"collection":[{"href":"https:\/\/falugazdasz.sk\/hu\/wp-json\/wp\/v2\/tribe_events"}],"about":[{"href":"https:\/\/falugazdasz.sk\/hu\/wp-json\/wp\/v2\/types\/tribe_events"}],"author":[{"embeddable":true,"href":"https:\/\/falugazdasz.sk\/hu\/wp-json\/wp\/v2\/users\/2"}],"version-history":[{"count":5,"href":"https:\/\/falugazdasz.sk\/hu\/wp-json\/wp\/v2\/tribe_events\/421\/revisions"}],"predecessor-version":[{"id":430,"href":"https:\/\/falugazdasz.sk\/hu\/wp-json\/wp\/v2\/tribe_events\/421\/revisions\/430"}],"wp:featuredmedia":[{"embeddable":true,"href":"https:\/\/falugazdasz.sk\/hu\/wp-json\/wp\/v2\/media\/422"}],"wp:attachment":[{"href":"https:\/\/falugazdasz.sk\/hu\/wp-json\/wp\/v2\/media?parent=421"}],"wp:term":[{"taxonomy":"post_tag","embeddable":true,"href":"https:\/\/falugazdasz.sk\/hu\/wp-json\/wp\/v2\/tags?post=421"},{"taxonomy":"tribe_events_cat","embeddable":true,"href":"https:\/\/falugazdasz.sk\/hu\/wp-json\/wp\/v2\/tribe_events_cat?post=421"}],"curies":[{"name":"wp","href":"https:\/\/api.w.org\/{rel}","templated":true}]}}

Felvidéki Vállalkozói Expo

<p>A Felvidéki Vállalkozói Expo 2025.11.7-én kerül megrendezésre a dunaszerdahelyi MOL Arénában.</p>
<p>A rendezvény ingyenes!</p>
<p>Az Expo célja:<br />
&#8211; A felvidéki magyar vállalkozók bemutatkozási lehetőségének elősegítése<br />
&#8211; A kiállítók és látogatók kapcsolatrendszerének kölcsönös bővítése<br />
&#8211; Együttműködések létrehozása<br />
&#8211; Mintegy 80 kis – és középvállalkozó termékeinek/szolgáltatásainak bemutatása.</p>
<p>Program:<br />
8.00 &#8211; 9.00 Kapunyitás, regisztráció<br />
9.00 &#8211; 9.30 Hivatalos megnyitó<br />
9.30 &#8211; 10.30 Nyitó előadás<br />
11.00 &#8211; 11.15 Regionális Innovációs Fejlesztési Ügynökség bemutatkozója<br />
11.15 &#8211; 12.00 Vállalkozói mentorprogram a Felvidéken &#8211; kerekasztal beszélgetés<br />
13.00 &#8211; 13.45 Wolf Gábor &#8211; Marketing Commando<br />
14.00 &#8211; 14.45 Felvidéki Falugazdász Hálózat &#8211; kerekasztal beszélgetés<br />
14.45 &#8211; 16.00 B2B panel &#8211; vállalkozói találkozók<br />
16.00 &#8211; 16.45 Záró előadás<br />
16.45 &#8211; Zárszó és a kiállítói verseny eredményhirdetése.</p>

<p>A Felvidéki Vállalkozói Expo 2025.11.7-én kerül megrendezésre a dunaszerdahelyi MOL Arénában. A rendezvény ingyenes! Az Expo célja: &#8211; A felvidéki magyar vállalkozók bemutatkozási lehetőségének elősegítése &#8211; A kiállítók és látogatók [&hellip;]</p>
